Let s(w) = w**2 - 6*w + 12. Determine s(g).
12
Let m(o) = o**2 + 12*o + 6. Let i be 1*11*2*182/(-364). Determine m(i).
-5
Let x(p) = 16*p - 16. Let a(i) = -9 - 9*i + 11 + 7. Let k(r) = 5*a(r) + 3*x(r). Calculate k(2).
3
Let v(t) = -24*t**2 + 3*t + 4. Let z(u) = 24*u**2 - 2*u - 3. Let w(q) = -2*v(q) - 3*z(q). Let o(p) = 2*p**2 + 43*p + 220. Let f be o(-13). What is w(f)?
-23
Let c be 1 + 0*(1 + -3 - -1). Let r(l) = -2*l**2 - 6*l - l**2 + c + 4*l**2 - 3. Let b be (14/(-4))/(2/(-4)). Give r(b).
5
Let t(c) = 3*c + 1. Let y(q) = 6*q + 1. Let b be y(6). Suppose 5*z - m + 3*m + b = 0, -3*z - 16 = -5*m. Give t(z).
-20
Let h(c) = -72*c - 48. Let t be h(-1). Suppose t*q - 30*q = 18. Let i(m) = m**3 + 2*m**2 - 5*m - 3. Determine i(q).
3
Let h = 2740 - 2744. Let n(v) = v - 4. Let s(y) = -y + 2. Let o(p) = -3*n(p) - 5*s(p). Give o(h).
-6
Let f(a) = 3*a**3 - 10*a**2 - 21*a + 1. Let z(g) = -g**3 - g**2 + 4*g. Let i(n) = f(n) + 2*z(n). Give i(13).
1
Let r(o) = -o**2 - 12*o - 31. Let t = 6160 + -6168. Calculate r(t).
1
Let h(k) = k**3 + 20*k**2 - 16. Let r(s) = -s**3 - 18*s**2 + 14. Let u(z) = 5*h(z) + 6*r(z). Give u(-7).
-45
Let v(p) = p**2 + 9*p - 3. Let x(g) be the second derivative of -g**4/12 - g**3/3 + g**2/2 - 9*g - 2. Let a(c) = -v(c) - 2*x(c). Determine a(6).
7
Let t = -1850 - -1852. Let f(v) = -v + 1. Let x(j) = -17*j + 7. Let a(d) = -4*f(d) + x(d). What is a(t)?
-23
Let o(f) = -238*f + 65*f + 62*f + 55*f + 104 + 63*f. What is o(-19)?
-29
Let w be 12*((-8)/(-6) + -1). Let j(d) = -7234 + 3613 - 35*d**3 - 31*d**3 - 6*d**2 + 3617 + 67*d**3 + 10*d. What is j(w)?
4
Suppose -2*y = -2, 0*o - 61 = -5*o - y. Let k(u) be the third derivative of u**4/24 - 17*u**3/6 - 980*u**2. Calculate k(o).
-5
Suppose 5*m - 19*a + 23*a - 71 = 0, 0 = -5*m - 2*a + 63. Let d(b) = 2*b**3 - 24*b**2 + 12*b + 107. Determine d(m).
-3
Let u(o) = -3*o + 56. Let b(j) = 2*j**2 - 240*j + 1164. Let a be b(5). Give u(a).
14
Let b(y) = -y**3 + 4*y**2 - 3*y + 3. Let g = -47 - -41. Let s be 4/g*((-92)/4 - -5). Suppose 4*u - s - 4 = 0. Determine b(u).
-9
Let t(k) be the first derivative of 55 + 2/3*k**3 + 1/2*k**2 + 4*k - 1/4*k**4. Give t(3).
-2
Let y(k) = k**2 - 13*k - 11 + 112 - 56. What is y(10)?
15
Let m(p) = -2*p + 8. Let j be (28/(-21))/((-4)/12) - (-1 - -5). What is m(j)?
8
Suppose -3*s + 4*s = 2*r - 2, 3*s - 5*r + 4 = 0. Let a(x) = -5*x + 5 + 3*x - x + s*x + x**3. Determine a(0).
5
Let v(c) = -5*c**3 + 19*c**2 + 14*c + 13. Let u(z) = 2*z**3 - z**2 + 1. Let j(a) = -3*u(a) - v(a). Give j(-15).
-31
Let a be ((-2)/(-3))/(((-24702)/(-108))/(-23) - -10). Let z(s) = 2 - 13*s + 5 + 5 + s**2. Determine z(a).
0
Suppose -h - 1 = 0, 0 = q + 3*h + 32 + 29. Let n = q + 31. Let x = -34 - n. Let y(f) = f**2 + 4*f - 8. Calculate y(x).
13
Let r(t) = 3 + 4*t + 2*t**2 - 7 - 2*t. Let h(w) = 11*w - 13*w - 13 + 2 - 18. Let s be h(-13). What is r(s)?
8
Let f(g) be the first derivative of -g**5/10 + g**4/24 - 8*g**2 + 13. Let s(k) be the second derivative of f(k). Let d = -92 + 91. Calculate s(d).
-7
Suppose 0 = o + 5 - 36. Suppose 0 = -o*v + 33*v - 4. Let k(s) = 0*s + 6 + 2*s + s**v - 2*s**2 + 6*s. Determine k(9).
-3
Suppose -2*b + 86 = -n - 3*n, -4*n - 133 = -3*b. Let z(m) = 14*m**3 + 87 + m - m**2 - b - 39. Give z(-1).
-15
Let b = 89 + -75. Let t(i) = b*i + 8 - i - 12*i. Let v = 16 + -22. Calculate t(v).
2
Let o be 0 - -1 - 1*-1. Let u(y) = -109*y + 1906. Let d(j) = 31*j - 556. Let n(k) = 24*d(k) + 7*u(k). Determine n(o).
-40
Let k(o) = -218*o - 2*o**2 - 3 + 0 + 206*o - 1. Let w = -14 - -8. Let x be k(w). Let u(a) = a**2 + 6*a + 2. Determine u(x).
-6
Let q = 274 - 273. Let i(y) = -2*y + 9. Let g(x) = -3*x + 2*x + 2*x - 4. Let f(w) = -7*g(w) - 3*i(w). Give f(q).
0
Let t(p) be the first derivative of -3*p**2/2 - 6*p - 35. Let o be t(-8). Let m(k) = -k + 20. Determine m(o).
2
Let y(n) = -15*n + 76. Let x be y(5). Let k(r) = -4*r + 4*r + r + x - 4. Give k(-4).
-7
Let d(b) = -b**2 + 11*b - 25. Let t be d(12). Let o(v) = v**3 + 36*v**2 - 33*v + 154. Let a be o(t). Let j(f) = -f**2 + 6*f. Determine j(a).
0
Let l(k) = -k**2 + 4*k + 23. Let x(d) = -2*d**2 + 10*d + 48. Let y(o) = 5*l(o) - 2*x(o). Calculate y(-4).
3
Let v = -289 - -280. Let j(t) = 2*t**3 - 2*t - t**2 - 8*t**2 - 11 - 3*t**3 - 1. What is j(v)?
6
Let t(a) = -3*a**2 - 430*a - 22. Let i(v) = v**2 + 173*v + 10. Let z(b) = 5*i(b) + 2*t(b). Let j be (-69)/(-12) + (-2)/(-8). Calculate z(j).
0
Let l(z) = -31*z + 37*z**2 + 16 + 84*z**2 + 4 - 113*z**2 + z**3 + 0. Give l(-11).
-2
Let f(n) = n**3 + 7*n**2 + 8*n + 12. Suppose 0 = -58*x + 83*x + 150. Calculate f(x).
0
Let d = 24 - 42. Let y = d + 21. Let v(z) = -16*z + 19. Let p(m) = 5*m - 6. Let x(b) = 7*p(b) + 2*v(b). Determine x(y).
5
Suppose -185*t = -191*t + 84. Let l(b) = 13 - 45*b + 64*b - 20*b. Give l(t).
-1
Let z be 303/9 - 4/(-12). Let v(w) = 23*w. Let a(k) = 5*k - 5*k + 5*k - 9*k. Let c(j) = z*a(j) + 6*v(j). Calculate c(-5).
-10
Let p(g) = -2*g + 158. Let b be -1*1 + (2 - (-7 - -6))/3. Give p(b).
158
Let p(h) = 4*h**3 + 2*h**2 - 2. Let c be p(1). Let z(x) = x**2 - 3*x - 3. Let q be z(c). Let k(r) = 6*r - r - 6*r + q. Calculate k(-5).
6
Let x(i) = -22*i - 56. Let z(k) = -20*k - 61. Let u(j) = 3*x(j) - 4*z(j). Determine u(-6).
-8
Let c(q) = -q**2 + 22*q - 103. Let m(g) = 3*g**2 - 69*g - 135. Let w be m(25). What is c(w)?
2
Let b(y) be the second derivative of y**3/3 + 39*y**2/2 + 20*y. Let h be b(-18). Let x(l) = 5. Let d(p) = -p - 11. Let t(g) = 2*d(g) + 5*x(g). What is t(h)?
-3
Let g(n) = 5*n + 17. Let c = 327 - 307. Suppose -22*t + c*t = 10. Give g(t).
-8
Let f(s) = -s**2 + 2*s - 1. Let o be 8/(-28) - (-4926)/42. Let z = o - 113. What is f(z)?
-9
Let g be (2 - (-8)/(-5))*5 - 0. Suppose -g*w = -7*w + 10. Let q(z) = -2*z**w - z**3 - 60 + 60 + z. Calculate q(-2).
-2
Let j(r) be the third derivative of -1/8*r**4 + 13/6*r**3 + 4 - 2*r**2 + 0*r. Give j(6).
-5
Let c(a) = -a + 5. Let u(h) = 61*h**2 - h + 2. Let i be u(1). Let p = i + -32. Suppose 0 = 3*j - 4*k - p, -3 = k - 0*k. Give c(j).
-1
Let h = -272840 - -272845. Let r be 0 + 2 - (-1 + 2). Let c(k) = -3 - r - k**2 + 2*k**2 - 3*k. Give c(h).
6
Let a(r) = -5*r**3 + 2*r + 2. Suppose g + g + 5*t = -58, -4*g + 4*t = 60. Let l be (2/4)/(g/38). Calculate a(l).
5
Let h(f) = -8*f - 4. Let i(q) = -122*q + 731. Let c be i(6). Calculate h(c).
4
Let a(m) be the first derivative of -m**4/12 - m**3 - 2*m**2 + 61*m + 17. Let y(z) be the first derivative of a(z). What is y(-2)?
4
Suppose 0 = -4*f + 3*p + 282, 5*f = 4*p + 203 + 150. Suppose 0 = -9*y - 14*y - f. Let k(h) = 3*h + 6. What is k(y)?
-3
Let c(x) = -56*x**2 + 7*x**3 - 1 + 61*x**2 - 4*x + 0*x**3. Let v(j) = 4*j**3 + 3*j**2 - 2*j - 1. Let o(k) = 3*c(k) - 5*v(k). Let d = 0 - -2. What is o(d)?
6
Let d(h) = h**3 + 15*h**2 - 6*h + 10. Let l(j) = -8*j**3 - 117*j**2 + 51*j - 79. Let x(a) = -23*d(a) - 3*l(a). Determine x(-8).
-1
Let x(w) be the third derivative of -w**6/120 - w**5/30 + w**4/12 + 7*w**3/6 - 645*w**2. Calculate x(-3).
10
Suppose 0 = -14*h + h - 0*h. Suppose 2*p = -h*p - 5*p. Let b(g) = -g**2 + 27. What is b(p)?
27
Let y(f) = f - 11. Let i = -217 + 458. Suppose 193 = -6*g + i. Give y(g).
-3
Let u(x) = x**2 + 6*x - 95. Let o(l) = -l**2 - 137*l - 1282. Let s be o(-127). What is u(s)?
-23
Let a(k) = k**3 + 6*k**2 - k + 6. Let m(f) = -f**3 + 47*f**2 + 262*f + 4. Let i be m(-5). Calculate a(i).
12
Let r(x) = -1 + 2 + 0*x**2 + 0 + 111*x - x**2 - 112*x. Let q(o) = -3*o**2 + 3*o + 4. Let k(a) = q(a) - 4*r(a). Determine k(-9).
18
Let b(o) = o**2 - 4*o + 3. Let f(r) = -9*r - 3*r**2 + 10 + 2*r**2 + 2*r**2. Let y(z) = -6*z**2 + 53*z - 32. Let l be y(8). Let m be f(l). Give b(m).
-1
Let t(z) = 0 - 7 + 2*z + 11 - 5. Suppose -2*l - 4*k - 65 = -1, -3*l - 71 = k. Let y = 15 + l. Give t(y).
-15
Let o(g) = 4*g**2 + 19*g + 36. Let x(q) = -5*q**3 - 47*q**2 + 84*q - 46. Let p be x(-11). Calculate o(p).
14
Let u be (-1 - 132/(-108))/((-12)/(-27)*3). Let c(r) be the third derivative of 0*r + 9*r**2 + 0 - 1/12*r**4 + u*r**3. Determine c(5).
-9
Let s be (1 - 2/4) + (-1001)/(-22). Suppose -3*o - 10 = -s. Let f be o/5*(-35)/(-14). Let v(h) = -h**3 + 7*h**2 - 5*h - 3. Calculate v(f).
3
Let v be (34 - (-576)/(-16)) + 5/2. Let u(p) be the second derivative of -p**2 - v*p**3 - p + 0. Give u(-5).
13
Let b(h) be the first derivative of -h*